 0 = l + 3*o + 68, -2*o = j*l + o + 145. Let q = 83 - l. What is the highest common factor of q and 20?
20
Suppose -9*o + 13*o - y - 16 = 0, 5*y = -o - 17. Suppose -9*s + o*s = -252. Let w be (3 + -10)/(3/(-45)). Calculate the greatest common factor of s and w.
21
Suppose -5*n - 4*d + 364 = 0, 4*d = -0*d - 16. Let y = -16 + n. Suppose 3*g - 24 = y. Calculate the greatest common divisor of 70 and g.
14
Suppose -51 = 36*p - 39*p. Suppose 14*s = p*s - 6. Suppose -3*d - 36 = -v + 2*d, -s*v = 2*d - 24. What is the highest common factor of v and 32?
16
Let d be (-4)/8 + (-530)/(-4). Let x(k) = -14*k**2 + 472*k + 160. Let h be x(34). Calculate the greatest common factor of d and h.
12
Suppose -48*p + 14780 = -532. What is the highest common divisor of 33 and p?
11
Let h be (-68)/(-2) - (-28)/(-140)*-40. What is the greatest common factor of 114 and h?
6
Let o = -240 + 239. Let d be ((15/10)/(-3))/(o/14). What is the highest common factor of d and 49?
7
Let b(k) = -k**3 + 9*k**2 - 15*k + 1. Let a be b(5). Let h be -4 - (3 + -4) - a. Let s = 30 + h. What is the highest common divisor of s and 2?
1
Let h be (-2 - -12)/((-173)/(-6228)). What is the highest common factor of 465 and h?
15
Suppose -16*v + 1142 = 246. Suppose -362 = -11*h + v. What is the greatest common divisor of h and 19?
19
Let d be (-60)/(-36)*12/20. What is the greatest common divisor of d and 1?
1
Let z = -1112 + 2119. Calculate the greatest common divisor of 19 and z.
19
Suppose 12*d - 1813 - 2195 = 0. Suppose 4*n = 506 + d. Calculate the greatest common factor of 60 and n.
30
Let i = 141 + -132. Suppose i*m - 1497 = -39. Calculate the greatest common factor of 108 and m.
54
Suppose 11*v = 14980 - 4376. Suppose -6*h + 1478 + v = 0. Calculate the greatest common divisor of h and 37.
37
Let d be 83*15 + 18/24*4. Suppose -17*t = -4*t - d. Suppose h = 4*l - 22 - 86, 4*l = 4*h + t. What is the highest common factor of 8 and l?
4
Let v = 4232 - 4196. Calculate the greatest common factor of v and 176.
4
Let n be (((-6270)/(-77))/(-19))/((-15)/378). What is the highest common factor of 20790 and n?
54
Suppose 0*j + 3 = 3*j, 0 = -n - 4*j + 48. Let y = n + -30. Let f be -2 - 24/(-14)*(y + 35). Calculate the highest common factor of f and 41.
41
Suppose -6*d - 630 = 3*d. Let o = d - -95. What is the highest common divisor of o and 10?
5
Let w be 156/(132/(-11))*(36/(-2))/2. What is the greatest common divisor of w and 247?
13
Suppose 44 = 11*a - 0. Suppose -5*g - 5*j = -45, -g = -a*g + 3*j - 3. What is the greatest common factor of g and 10?
2
Suppose 35*r = 581 - 15736. Let b = r + 434. What is the greatest common divisor of 23 and b?
1
Let k = -26089 + 26507. What is the highest common factor of k and 1786?
38
Suppose 3*c + 42 = -18*c. Let p be (-7)/((8 - 6)/c). What is the greatest common factor of p and 119?
7
Suppose 5*v - t = 70, 0 = -11*v + 7*v + 2*t + 50. Let q be 3 + 6 + -7 - -38. Calculate the greatest common factor of v and q.
5
Let m(w) = -w**3 + 6*w**2 - 49*w + 148. Let g be m(-19). What is the greatest common factor of 24 and g?
24
Let v = -3081 - -3095. Let z = -74 + 144. Calculate the greatest common divisor of z and v.
14
Suppose -11*y + 6094 + 2486 = 0. Calculate the greatest common factor of y and 15.
15
Let b = -557 + 577. Suppose -18*a + 8*a + b = 0. Calculate the highest common divisor of a and 22.
2
Let u be (3/2)/((-297)/(-22968)). Suppose 0 = u*t - 133*t + 816. What is the highest common divisor of t and 768?
48
Let j be 548/(-8)*(18796/(-629) - (-2)/(-17)). What is the greatest common factor of 548 and j?
137
Suppose -17 + 5 = -2*x. Let h be -30*(-19)/1520*8. Calculate the greatest common factor of x and h.
3
Let l be 7/(-21)*(-6)/2*(-1 - -32). What is the greatest common factor of l and 149?
1
Let d(o) = o**3 + 33*o**2 + 30*o - 212. Let c be d(-11). What is the highest common factor of 1166 and c?
106
Let s(g) = -g**3 + 77*g**2 - 7*g + 546. Let y be s(77). What is the greatest common factor of 5663 and y?
7
Suppose 16*i = 11*i + 20. Suppose 3*p - 4*n = -2, -p - n - 8 = -6*n. Suppose -6*m + m - 4*s = -2, 4*m - i = -p*s. What is the highest common divisor of m and 4?
2
Let m(z) be the third derivative of 1/30*z**5 + 0*z - 2*z**3 + 35*z**2 - 7/8*z**4 + 0. Let j be m(12). Calculate the highest common factor of j and 16.
8
Let u = -1307 - -1433. Let l be 2/(6/231) + 0. Suppose -21 = 4*z - l. What is the greatest common divisor of z and u?
14
Let s(l) = l**3 + 6*l**2 + 2*l - 11. Let m be s(-5). Let t be -70 + (2 - (-3 - -5)). Let c be 116/14 + 20/t. What is the highest common factor of m and c?
4
Suppose -3550 + 932 = -22*w. Suppose 221 = 3*q + 10*q. What is the highest common factor of q and w?
17
Let v be (-43664)/168 + -6 - 4/42. Let g = 586 + v. What is the highest common divisor of g and 192?
64
Suppose 5*k = -z + 1568, -3*k + 478*z - 474*z = -927. What is the highest common factor of 1 and k?
1
Suppose 3503 - 237 = 17*c - 865. What is the greatest common factor of 1188 and c?
27
Let k(z) = -1288*z**3 - 5*z**2 + 46*z + 145. Let i be k(-3). Calculate the greatest common factor of i and 22.
22
Let x = -65 + 70. Suppose -7*y - x*y + 36 = 0. Suppose y*w + 4*p = -2*w - 10, 27 = w - 5*p. Calculate the greatest common divisor of w and 3.
1
Let j be (-6952)/220*-1*5. Let i = j + -155. What is the greatest common divisor of i and 3?
3
Let h = 137 - 139. Let y(z) = -4*z**3 - 4*z**2 - 3*z - 7. Let u be y(h). Calculate the greatest common factor of u and 240.
15
Let z = -31657 + 31721. What is the highest common divisor of 22336 and z?
64
Let f(v) = v**3 + 12*v**2 - 2*v + 728. Let r be f(0). What is the greatest common factor of r and 896?
56
Let l = -3465 - -3829. Calculate the highest common divisor of l and 104.
52
Suppose 17*r = 9*r + 1688. Let p = r + -169. Let w be ((-2)/4)/((-1)/28). Calculate the greatest common factor of w and p.
14
Let h = -283 - -418. Let g = -235 - -287. Suppose 0 = -58*b + g*b + 90. What is the highest common factor of h and b?
15
Let n be (3 + -3)/((-30)/15). Suppose n = 31*t - 20*t - 176. What is the highest common factor of t and 256?
16
Suppose -1 = 3*r - 10. Suppose -12 = -3*y, -q + 2*y - 9 - r = 0. Let b be (-540)/(-6) - 0/q. What is the highest common divisor of b and 36?
18
Let d(p) = -p**3 + p**2 - p + 14. Suppose 4*g + 9 = 3*l, 3 = 5*g + 2*l - 3. Let f be d(g). What is the highest common divisor of f and 70?
14
Suppose 5*a = 5*w, -4*a + 6 = 17*w - 19*w. Calculate the greatest common divisor of 384 and w.
3
Suppose -228*l + 264*l - 864 = 0. What is the greatest common factor of 3948 and l?
12
Let i = 25326 + -24806. Calculate the greatest common divisor of i and 3172.
52
Let n = 1644 - 1563. Calculate the highest common divisor of n and 297.
27
Suppose -4*k - 7*j + 32 = -3*j, -2*j - 8 = 0. Calculate the greatest common divisor of 164 and k.
4
Let g = 14 - 23. Let a(p) = 15*p - 21. Let b(v) = -7*v + 10. Let z(s) = g*b(s) - 4*a(s). Let q be z(23). What is the greatest common divisor of 9 and q?
9
Let z(h) = h**3 + 147*h**2 + 1326*h - 24. Let a be z(-10). Calculate the greatest common factor of a and 1716.
52
Let w(n) = 105*n - 436. Let d be w(7). What is the highest common divisor of 2 and d?
1
Suppose 6*s - 2*s - 197 = -3*j, 4*j - 260 = -4*s. Let f = 334 - 292. Calculate the greatest common factor of f and j.
21
Let y = -35 + 39. Suppose -n = -y*n. Let d(r) = r**3 + r**2 + 13. Let m be d(n). Calculate the greatest common divisor of m and 13.
13
Let d be (1 - 5/15)*(-4410)/(-28). Calculate the greatest common factor of 51 and d.
3
Let o = -64 + 62. Let u(c) be the third derivative of c**5/20 + c**4/4 + 5*c**3/6 - 42*c**2. Let n be u(o). What is the highest common divisor of 4 and n?
1
Suppose 0*q + q - 130 = 0. Suppose 2*n - 237 + 49 = 202. Calculate the greatest common factor of q and n.
65
Let t = 64 + -67. Let v = t - -1. Let l be (-3)/(-6) - 19/v. What is the greatest common divisor of l and 50?
10
Let h(r) be the second derivative of r**5/20 + r**4/2 - 7*r**3/3 + 9*r**2 - 44*r. Let a be h(-8). What is the highest common factor of a and 2?
2
Suppose 5*m - 59 = 46. Let a be 14/m*(50 + -2). Suppose a - 22 = 5*i. Calculate the greatest common factor of i and 18.
2
Let c(p) = -24*p + 6. Let f be (-2 - 2 - -1) + 1. Let h be c(f). Suppose -4